38 is divided by 215.
203
Calculate the remainder when 6098 is divided by 1129.
453
Calculate the remainder when 222050 is divided by 70.
10
Calculate the remainder when 1284013 is divided by 14.
3
Calculate the remainder when 18088 is divided by 412.
372
What is the remainder when 14308 is divided by 54?
52
What is the remainder when 22182 is divided by 5517?
114
Calculate the remainder when 1325 is divided by 136.
101
Calculate the remainder when 12042 is divided by 2958.
210
Calculate the remainder when 212515 is divided by 17.
15
Calculate the remainder when 8098 is divided by 4.
2
What is the remainder when 17310 is divided by 1617?
1140
Calculate the remainder when 284280 is divided by 307.
305
What is the remainder when 82176 is divided by 69?
66
Calculate the remainder when 1532395 is divided by 1786.
7
Calculate the remainder when 2187898 is divided by 561.
559
What is the remainder when 34825 is divided by 611?
609
What is the remainder when 5006 is divided by 264?
254
What is the remainder when 40486 is divided by 6746?
10
What is the remainder when 1497 is divided by 189?
174
Calculate the remainder when 210465 is divided by 26.
21
What is the remainder when 22857 is divided by 11388?
81
Calculate the remainder when 8504 is divided by 67.
62
What is the remainder when 163991 is divided by 137?
2
What is the remainder when 1256 is divided by 614?
28
Calculate the remainder when 5150 is divided by 109.
27
What is the remainder when 506251 is divided by 11?
9
What is the remainder when 9159 is divided by 695?
124
Calculate the remainder when 3503 is divided by 78.
71
Calculate the remainder when 72637 is divided by 72356.
281
What is the remainder when 913209 is divided by 9?
6
Calculate the remainder when 16401 is divided by 146.
49
What is the remainder when 13476 is divided by 799?
692
What is the remainder when 2647 is divided by 272?
199
What is the remainder when 5201278 is divided by 30?
28
What is the remainder when 19130 is divided by 9334?
462
Calculate the remainder when 121041 is divided by 2814.
39
What is the remainder when 6844 is divided by 112?
12
Calculate the remainder when 1564 is divided by 198.
178
Calculate the remainder when 15737 is divided by 129.
128
Calculate the remainder when 71675 is divided by 23859.
98
Calculate the remainder when 45466 is divided by 865.
486
Calculate the remainder when 1046 is divided by 199.
51
What is the remainder when 25427 is divided by 10?
7
What is the remainder when 143038 is divided by 749?
728
What is the remainder when 50868 is divided by 28?
20
What is the remainder when 549314 is divided by 9?
8
What is the remainder when 419207 is divided by 394?
385
Calculate the remainder when 23383 is divided by 23312.
71
What is the remainder when 2180 is divided by 128?
4
What is the remainder when 3426 is divided by 33?
27
Calculate the remainder when 3684 is divided by 3671.
13
What is the remainder when 15503 is divided by 15501?
2
What is the remainder when 98566 is divided by 13?
0
Calculate the remainder when 4992 is divided by 2453.
86
Calculate the remainder when 11491 is divided by 11456.
35
Calculate the remainder when 58750 is divided by 192.
190
What is the remainder when 15198 is divided by 28?
22
What is the remainder when 197705 is divided by 35?
25
What is the remainder when 167538 is divided by 149?
62
Calculate the remainder when 111850 is divided by 9.
7
Calculate the remainder when 3759 is divided by 173.
126
Calculate the remainder when 9898756 is divided by 53.
52
Calculate the remainder when 114805 is divided by 226.
223
What is the remainder when 2123903 is divided by 24?
23
Calculate the remainder when 272111 is divided by 22.
15
Calculate the remainder when 1175 is divided by 148.
139
What is the remainder when 65124 is divided by 17?
14
Calculate the remainder when 76936 is divided by 81.
67
Calculate the remainder when 3335 is divided by 271.
83
What is the remainder when 2470 is divided by 604?
54
Calculate the remainder when 3299 is divided by 1957.
1342
What is the remainder when 5500 is divided by 27?
19
Calculate the remainder when 32277 is divided by 72.
21
Calculate the remainder when 21554 is divided by 196.
190
Calculate the remainder when 3904 is divided by 157.
136
What is the remainder when 16168 is divided by 16162?
6
Calculate the remainder when 15950 is divided by 239.
176
What is the remainder when 3535 is divided by 1622?
291
What is the remainder when 2978 is divided by 960?
98
Calculate the remainder when 35122 is divided by 281.
278
Calculate the remainder when 7328 is divided by 157.
106
Calculate the remainder when 341051 is divided by 1043.
1033
What is the remainder when 26020 is divided by 182?
176
Calculate the remainder when 19662 is divided by 37.
15
Calculate the remainder when 3537 is divided by 185.
22
Calculate the remainder when 21197 is divided by 589.
582
Calculate the remainder when 52027 is divided by 3060.
7
What is the remainder when 71026 is divided by 5073?
4
Calculate the remainder when 109 is divided by 101.
8
Calculate the remainder when 84335 is divided by 51.
32
Calculate the remainder when 17205 is divided by 4257.
177
What is the remainder when 2724 is divided by 5?
4
What is the remainder when 687 is divided by 189?
120
What is the remainder when 12657 is divided by 183?
30
Calculate the remainder when 1053 is divided by 176.
173
What is the remainder when 308401 is divided by 102800?
1
Calculate the remainder when 2707 is divided by 781.
364
Calculate the remainder when 24204 is divided by 749.
236
What is the remainder when 990625 is divided by 247655?
5
Calculate the remainder when 86688 is divided by 72.
0
What is the remainder when 18987 is divided by 3767?
152
What is the remainder when 1069325 is divided by 534657?
11
Calculate the remainder when 716 is divided by 80.
76
What is the remainder when 14377 is divided by 7128?
121
What is the remainder when 88083 is divided by 76?
75
Calculate the remainder when 1859 is divided by 352.
99
Calculate the remainder when 894 is divided by 271.
81
What is the remainder when 132513 is divided by 51?
15
What is the remainder when 740506 is divided by 72?
58
Calculate the remainder when 56487 is divided by 1258.
1135
What is the remainder when 8260 is divided by 138?
118
What is the remainder when 294041 is divided by 38?
35
Calculate the remainder when 2830 is divided by 918.
76
What is the remainder when 65370 is divided by 7262?
12
What is the remainder when 7823 is divided by 2566?
125
Calculate the remainder when 208140 is divided by 14867.
2
What is the remainder when 539 is divided by 520?
19
What is the remainder when 10221 is divided by 3184?
669
What is the remainder when 4318 is divided by 1687?
944
What is the remainder when 19924 is divided by 498?
4
What is the remainder when 77751 is divided by 555?
51
What is the remainder when 4478 is divided by 83?
79
Calculate the remainder when 2943299 is divided by 79.
75
Calculate the remainder when 26249 is divided by 103.
87
What is the remainder when 263131 is divided by 7309?
7
Calculate the remainder when 494847 is divided by 30.
27
What is the remainder when 43944 is divided by 136?
16
Calculate the remainder when 39793 is divided by 293.
238
Calculate the remainder when 7913 is divided by 22.
15
Calculate the remainder when 3426261 is divided by 1165.
1161
Calculate the remainder when 1820 is divided by 183.
173
Calculate the remainder when 7800 is divided by 572.
364
Calculate the remainder when 80282 is divided by 1147.
1139
What is the remainder when 57252 is divided by 19079?
15
Calculate the remainder when 18968 is divided by 3729.
323
What is the remainder when 12000 is divided by 1339?
1288
What is the remainder when 165266 is divided by 165209?
57
Calculate the remainder when 41811 is divided by 53.
47
What is the remainder when 3138 is divided by 280?
58
What is the remainder when 39430 is divided by 63?
55
Calculate the remainder when 165219 is divided by 10.
9
Calculate the remainder when 3010 is divided by 751.
6
What is the remainder when 6626 is divided by 3243?
140
Calculate the remainder when 59223 is divided by 76.
19
What is the remainder when 137471 is divided by 195?
191
Wha